3
What is the value of 45 + -8 + -2 - (-17 - -1)?
51
-122 - -121 - (2 - -1) - (1 - (55 + -1))
49
Evaluate (15 - 22) + 1 - (43 - 49).
0
Evaluate 26 + -3 + 25 - (7 + 4 + 6).
31
3 - 24 - (-106 - (-27 + 15))
73
-41 + 49 - (21 + 38)
-51
Evaluate (1 + -1 - 29) + (10 - 118 - -57) + 46.
-34
Evaluate 49 - (-11 + 87 + -22).
-5
-1189 + 1286 - (188 - 2)
-89
Evaluate 35 - (107 + -9 - 50).
-13
Calculate -35 - (29 - 23 - 31).
-10
(226 - 252 - (2 + -81)) + 12
65
3349 + -3278 + (1 - 38)
34
Evaluate (-4 + 13 - 5) + -8 + -69.
-73
What is the value of 32 + 0 + (15 - (-24 - -52)) + 3 + -2?
20
Calculate (-25 - 17) + 13 + -31.
-60
Evaluate 33 - (-19 - 8) - (27 - 9).
42
-15 + (32 - (3 - (-2 - -19)))
31
Calculate -5 + -10 - (-44 - -40) - (-91 + (5 - 5)).
80
Calculate (-22 - 50) + 13 + -48 + 18 + -6 + -1.
-96
What is 35 - 75 - 4 - (1 + 1)?
-46
What is the value of (-37 - -91) + (-11 - (5 - 7)) - -11?
56
49 + 0 - ((24 - 1) + -111 + 89)
48
Calculate -14 + (-38 - -40) + -8 + 42.
22
Calculate (-57 - (-35 - -20) - -86) + -7.
37
Evaluate (21 - 91) + (-25 - -1).
-94
What is (5 - 12) + (31 - 26) + -12 + -34?
-48
Evaluate -20 + 1 + -12 - (-3 + 4).
-32
(3 - 0) + -13 + (-104 - (-117 - -66))
-63
What is the value of -53 + 44 + (-4 - -1 - -40)?
28
What is the value of -5 - (224 + -111 + -77)?
-41
What is the value of 51 + 1 - (0 + (32 - 14))?
34
What is 3 + 11 + (-10 - -5 - -11) + 7?
27
Evaluate -16 + -1 + 4 + (-43 - (2 + -13)).
-45
16 - (20 + (-9 - -18))
-13
Calculate 12 - (5 + -7) - ((-19 - 4) + 6).
31
Calculate -15 + (18 - (0 - (-20 + 10 + 2))).
-5
Calculate (0 - (9 + -12)) + -3 + -5 + 10.
5
What is -40 + 14 + -6 + 5 - -7?
-20
Evaluate -75 + 89 + (27 - 7 - ((0 - 0) + -2)).
36
Calculate 4 + 15 + 11 + -21 - 60.
-51
What is the value of -4 - -167 - (50 - (78 + -52))?
139
What is the value of -87 + 2 + (1895 - 1919)?
-109
Calculate 11 + -15 - -45 - (11 - (6 + -8 + 7)).
35
Calculate (-49 - -2) + (-27 + 3 - -11) + 29.
-31
What is -54 - -10 - (-117 + 82)?
-9
Evaluate 25 - (-3 + (-8 - 2) - -175).
-137
Evaluate (-16 - ((-19 - -22) + -14)) + -6.
-11
Evaluate 1 + -10 - (79 + (15 - ((14 - 35) + 11))).
-113
What is ((297 - 286) + (-1 - 4) - 18) + -31?
-43
(-5 + -63 + 34 - -29) + -6
-11
Calculate 2360 + -2358 - (-8 - (-1 - 0)) - -42.
51
Evaluate -2 + -15 + (51 + 15 - 40 - 43).
-34
What is the value of -13 + 20 + -28 + (-5 - (-4 + 3 + -3))?
-22
What is -35 + 1 - (23 + -14)?
-43
Evaluate 27 + -10 + 19 - (-215 - -334).
-83
Calculate 0 + 22 + (1 - 24) + 13 + 62 + 0.
74
What is -5 - (-4 + 1) - -3 - (-170 - -30 - -37)?
104
What is -46 - (-105 - (-135 + 100))?
24
What is the value of (-7 - (41 - -1)) + 26 + -26 + 13?
-36
(-37 - -15) + ((1 - 8) + (-16 - -21) - -11)
-13
What is the value of 1 + -47 + (-9 + 14 - (8 + 10 + -5))?
-54
Calculate 87 + 100 + -71 - 51.
65
Evaluate 1 - -2 - -46 - (1 + (-18 - -24) - 3).
45
What is -39 - (-168 + 175) - (22 + -1)?
-67
Calculate 40 + -1 - -19 - 34.
24
Evaluate -3046 - -3180 - (0 - -24).
110
Calculate -14 - (-15 - (25 + (-25 - 11))).
-10
What is 19 + (1 - 8) + (-16 + 11 - -12)?
19
Calculate 336 + -285 + 2 + -53.
0
Evaluate -20 + 125 + 55 + -93 - (0 - 20).
87
Evaluate 39 - (13 + 5 + 45).
-24
-45 - (-1 + 14 + (-22 - 97))
61
What is the value of -1 - 49 - 4 - (19 + -18 + 2)?
-57
(32 - 36) + (-41 + 2 - (0 - -5))
-48
Calculate -2 + 8 + -22 + -25 + 28 - (94 - 2).
-105
Calculate -183 + (-3 - (-173 + 76)).
-89
Calculate 11 - (8 - ((-1 + 2 - 32) + -81 + 80)).
-29
Calculate 384 + -370 + (-1 - 20) - 9.
-16
Calculate 99 - 38 - -55 - 252.
-136
-916 + 863 + 12 + (4 - 1)
-38
What is (-9 - (-15 - -7)) + -14 + 2 + -4?
-17
10 + -4 + (8 - 13) + (0 - 2)
-1
What is 5 - (-13 + 3 + 44 - -11)?
-40
Evaluate (-112 - -94) + 100 + (31 - 1).
112
What is the value of -1 + -2 + 17 + -11 - (12 + -6 + -2)?
-1
What is 42 + -94 + -24 - -27?
-49
What is the value of 98 + -60 - (2 + -19)?
55
Evaluate 0 + 75 + -537 + 406.
-56
-1210 + 1184 - (3 - 0 - -7)
-36
Evaluate (-19 - 0) + 8 + (-4 - -63) + -4.
44
27 + (-11 - (-27 - (-18 - -14))) + -9
30
Evaluate (-68 - (0 + 0)) + 10 + (110 - 103).
-51
Calculate (-10 - (20 - 12) - (-2 - (-3 + -8))) + 7.
-20
(7 - (25 - -5 - -14)) + 17
-20
49 + (-8 + 15 - 10) + (3 - 0) + 11
60
-19 + 1 + (16 + -19 - -16)
-5
-1 + 5 + -11 + -13 + 19 - -34
33
What is 45 + (19 + -8 - (16 + 4 + -5))?
41
Evaluate -226 + 92 + 74 + 83.
23
What is the value of (-39 - 1) + 5 + 103?
68
Evaluate 61 - (100 + -19) - (1 + 9 + 0).
-30
What is 1 - ((12 - 3) + -20 - (-22 - 1))?
-11
Evaluate -1614 + 1593 + (-91 - -3).
-109
Calculate 0 + 61 + (5 - (-29 + -4)) + 1408 + -1430.
77
Calculate 0 + (9 - 6 - -20) - (-815 + 899).
-61
What is the value of -66 + 4 + 59 - 57?
-60
Evaluate -1018 - -1056 - (38 - -2).
-2
16 + (13 - 8) + (-58 - -4)
-33
Evaluate 38 + -3 - (90 + -33 - -32).
-54
Evaluate -20 - -7 - (-290 + 311 + 2 + -4 + -4).
-28
What is -10 + 1 + (-39 - (-15 - -8) - (-178 - -198))?
-61
What is -11 + -1 - (1 + -64 + 60) - 40?
-49
(5 + 1 - 1) + 16 + (2 - 106)
-83
What is -4 + -16 - -61 - (7 - 3 - -6) - 10?
21
Evaluate -20 - -29 - 6 - (-36 - -5).
34
Evaluate -336 + 332 + (0 - (0 - -91)).
-95
Evaluate 1 - 2 - (5 - 1) - (80 + -23 - 65).
3
Calculate -20 + (13 - -1 - (12 + 10)).
-28
What is (92 - 69) + -37 + 3?
-11
Evaluate 21 + -24 + 0 - 3 - -16.
10
Calculate 9 - (-8 - (-13 - 1)) - (3 + 4).
-4
0 - 138 - (672 + -941)
131
Evaluate -20 - (-27 - (-16 + (43 - -21))).
55
What is 27 + 2 - (-5331 + 5349)?
11
Calculate 24 - 26 - 6 - (-7 - (-1 + 0)) - -54.
52
Calculate 44 + -43 + (-8 - -27).
20
What is the value of (64 - 72) + 63 + -131?
-76
Evaluate (8 - (-14 + (12 - (-9 - 4)) + 55)) + -2.
-60
What is 63 + 2 + -2 - (58 - 55) - (2 - -10)?
48
What is 58 - 83 - -25 - -13?
13
(-5 - -3 - 2) + -99 + 92
-11
What is (-23 - 7) + 32 + (-6 - (-56 + 6))?
46
Calculate 108 + 67 + (59 - 200).
34
Evaluate 29 + -25 + -57 - -13.
-40
What is -35 + (-11 + 21 + 10 - 15)?
-30
(-319 - -151 - -127) + 149
108
What is the value of 18 - (74 - (156 + -142 + -3 + -16))?
-61
(-1 - -76) + (228 - 33 - 233)
37
-18 - (-6 + 10 + -20 + -1)
-1
Evaluate 17 + 20 + (33 - (2 - -9)).
59
What is the value of -23 + 78 + -104 + 65?
16
What is the value of -56 + 2 + (3 - 2) + -1 - (-887 - -892)?
-59
Evaluate (-13 - (-4 + 23 - 6)) + -17.
-43
What is -27 + -5 + 683 + -680?
-29
Evaluate 149 - 188 - (-10 + -9 + 3).
-23
What is (92 - 45 - 156) + (-1 - -3)?
-107
Evaluate -20 + 21 + -45 - -73.
29
What is the value of -15 + -25 + 19 + (-17 - -2) + -11?
-47
Evaluate 36 - ((-1 - (0 + -20)) + 2).
15
What is the value of -1 + -10 - (19 + (19 + -3 - -13)) - -3?
-56
Evaluate 30 + -57 + 31 + -6 + 34 + 1 + 1.
34
What is -18 + -33 + (24 - -78) + -3?
48
What is 1 + 0 + -1 + -11 + (-10136 - -10134)?
-13
What is -28 + 30 + 9 + (-11 - -5)?
5
What is the value of (-20 - (3 + 9 - -2)) + 20?
-14
Calculate (-123 + 41 - -10 - -60) + 5 + 0 + -1.
-8
Evaluate -1 - -71 - (32 - (16 - (23 - 30))) - 4.
57
What is the value of (-20 - -21) + -15 + 32 - -60?
78
What is the value of (3 - 0) + 37 + (-3 - 35)?
2
-30 + 111 + (113 - 299)
-105
Evaluate 0 + -10 - (-4377 - -4332).
35
Calculate -20 - 0 - (-21 + 8) - (0 - -13).
-20
Evaluate -23 + (113 - 36) - 94.
-40
-2 + 1 + 22 + 19 + -19 + -17
4
What is -19 + -17 - (50 + -21)?
-65
Calculate (-22 - 28) + 9 + -2 + -15.
-58
What is the value of 168 + -76 + -96 - 28?
-32
Evaluate -74 + (-8 - -120) - 20.
18
Calculate -40 + (3 - 13) + -9 + 38 + -18 + 5.
-34
What is the value of -195 + 67 + 110 + 114?
96
What is -8 - (-32 + -2 + (6 - 9 - 13))?
42
Calculate -43 - (-25 + 62) - -52.
-28
-3 + 14 - ((43 - -1 - -19) + -6 + -6)
-40
What is -17 + (-6527 - -6528) + (2 - (-1 - -107))?
-120
What is (27 - (42 - -110)) + 91?
-34
24 + (-13 - -8) + -14 - (13 - 3)
-5
What is the value of -20 + -6 - 17 - (23 - 32)?
-34
Evaluate (3 + -2 - -3 - 5) + -88 + 11 + 22.
-56
What is (227 - 269) + 5 + 15 + -95?
-117
What is 17 - (-44 + 50) - (79 + -1 + (5 - 4))?
-68
What is 77 - (205 - 88) - -134?
94
-12 - (((-4 - 4) + -16 - 7) + 4)
15
Calculate -10 - ((8 - -44) + -27 + -93).
58
(550 - 557) + 83 + 5
81
Evaluate 2 + (-73 - 0) + (39 - (15 + -28 + 44)).
-63
(4 - (11 + -3) - 4 - -6 - 75) + -10
-87
Calculate 302 - 300 - (13 - 87).
76
Calculate 13 + 9 + 7 + 1 + -28.
2
What is the value of (-29 - -24) + (-10 + (-2 - -11) - -124) - 5?
113
What is the value of 13 + (-5 + 2 - -17) + (-511 - -527)